[INFO] cloning repository https://github.com/3braheem/mandelbot
[INFO] running `Command { std: "git" "-c" "credential.helper=" "-c" "credential.helper=/workspace/cargo-home/bin/git-credential-null" "clone" "--bare" "https://github.com/3braheem/mandelbot" "/workspace/cache/git-repos/https%3A%2F%2Fgithub.com%2F3braheem%2Fmandelbot", kill_on_drop: false }`
[INFO] [stderr] Cloning into bare repository '/workspace/cache/git-repos/https%3A%2F%2Fgithub.com%2F3braheem%2Fmandelbot'...
[INFO] running `Command { std: "git" "rev-parse" "HEAD", kill_on_drop: false }`
[INFO] [stdout] 0b54f9f8d2d8e39bd3166d54aa82c51776aa16df
[INFO] checking 3braheem/mandelbot against master#9610dfe5a9a731ced1ea4923ecbd0c57fe367898 for beta-170-4
[INFO] running `Command { std: "git" "clone" "/workspace/cache/git-repos/https%3A%2F%2Fgithub.com%2F3braheem%2Fmandelbot" "/workspace/builds/worker-5-tc1/source", kill_on_drop: false }`
[INFO] [stderr] Cloning into '/workspace/builds/worker-5-tc1/source'...
[INFO] [stderr] done.
[INFO] validating manifest of git repo https://github.com/3braheem/mandelbot on toolchain 9610dfe5a9a731ced1ea4923ecbd0c57fe367898
[INFO] running `Command { std: CARGO_HOME="/workspace/cargo-home" RUSTUP_HOME="/workspace/rustup-home" "/workspace/cargo-home/bin/cargo" "+9610dfe5a9a731ced1ea4923ecbd0c57fe367898" "metadata" "--manifest-path" "Cargo.toml" "--no-deps", kill_on_drop: false }`
[INFO] started tweaking git repo https://github.com/3braheem/mandelbot
[INFO] finished tweaking git repo https://github.com/3braheem/mandelbot
[INFO] tweaked toml for git repo https://github.com/3braheem/mandelbot written to /workspace/builds/worker-5-tc1/source/Cargo.toml
[INFO] crate git repo https://github.com/3braheem/mandelbot already has a lockfile, it will not be regenerated
[INFO] running `Command { std: CARGO_HOME="/workspace/cargo-home" RUSTUP_HOME="/workspace/rustup-home" "/workspace/cargo-home/bin/cargo" "+9610dfe5a9a731ced1ea4923ecbd0c57fe367898" "fetch" "--manifest-path" "Cargo.toml", kill_on_drop: false }`
[INFO] [stderr]     Updating crates.io index
[INFO] [stderr]  Downloading crates ...
[INFO] [stderr]   Downloaded getrandom v0.2.5
[INFO] [stderr]   Downloaded teloxide-macros v0.5.0
[INFO] [stderr]   Downloaded takecell v0.1.1
[INFO] [stderr]   Downloaded tokio-util v0.6.9
[INFO] [stderr]   Downloaded unicode-bidi v0.3.7
[INFO] [stderr]   Downloaded take_mut v0.2.2
[INFO] [stderr]   Downloaded tokio-stream v0.1.8
[INFO] [stderr]   Downloaded ipnet v2.4.0
[INFO] [stderr]   Downloaded native-tls v0.2.8
[INFO] [stderr]   Downloaded serde_with_macros v1.5.1
[INFO] [stderr]   Downloaded erasable v1.2.1
[INFO] [stderr]   Downloaded never v0.1.0
[INFO] [stderr]   Downloaded openssl v0.10.38
[INFO] [stderr]   Downloaded tracing v0.1.31
[INFO] [stderr]   Downloaded dptree v0.1.0
[INFO] [stderr]   Downloaded async-trait v0.1.52
[INFO] [stderr]   Downloaded redox_syscall v0.2.11
[INFO] [stderr]   Downloaded aquamarine v0.1.11
[INFO] [stderr]   Downloaded tracing-core v0.1.22
[INFO] [stderr]   Downloaded semver v1.0.6
[INFO] [stderr]   Downloaded ahash v0.3.8
[INFO] [stderr]   Downloaded rc-box v1.1.1
[INFO] [stderr]   Downloaded httparse v1.6.0
[INFO] [stderr]   Downloaded h2 v0.3.11
[INFO] [stderr]   Downloaded teloxide-core v0.4.1
[INFO] [stderr]   Downloaded hyper v0.14.17
[INFO] [stderr]   Downloaded encoding_rs v0.8.30
[INFO] [stderr]   Downloaded tokio v1.17.0
[INFO] [stderr]   Downloaded tinyvec v1.5.1
[INFO] [stderr]   Downloaded http v0.2.6
[INFO] [stderr]   Downloaded derive_more v0.99.17
[INFO] [stderr]   Downloaded reqwest v0.11.9
[INFO] [stderr]   Downloaded crossbeam-epoch v0.8.2
[INFO] [stderr]   Downloaded flurry v0.3.1
[INFO] [stderr]   Downloaded openssl-sys v0.9.72
[INFO] [stderr]   Downloaded teloxide v0.7.0
[INFO] running `Command { std: "docker" "create" "-v" "/var/lib/crater-agent-workspace/builds/worker-5-tc1/target:/opt/rustwide/target:rw,Z" "-v" "/var/lib/crater-agent-workspace/builds/worker-5-tc1/source:/opt/rustwide/workdir:ro,Z" "-v" "/var/lib/crater-agent-workspace/cargo-home:/opt/rustwide/cargo-home:ro,Z" "-v" "/var/lib/crater-agent-workspace/rustup-home:/opt/rustwide/rustup-home:ro,Z" "-e" "SOURCE_DIR=/opt/rustwide/workdir" "-e" "CARGO_TARGET_DIR=/opt/rustwide/target" "-e" "CARGO_HOME=/opt/rustwide/cargo-home" "-e" "RUSTUP_HOME=/opt/rustwide/rustup-home" "-w" "/opt/rustwide/workdir" "-m" "1610612736" "--user" "0:0" "--network" "none" "ghcr.io/rust-lang/crates-build-env/linux@sha256:19e73879b68f455e41552ea35293514db52ea292d993f571636dbffedb77a1ee" "/opt/rustwide/cargo-home/bin/cargo" "+9610dfe5a9a731ced1ea4923ecbd0c57fe367898" "metadata" "--no-deps" "--format-version=1", kill_on_drop: false }`
[INFO] [stdout] 4a2c4efeefaf48ae246c8f74c5a0e1aa44189e5e7f40da6d9daaa0e24b09dba3
[INFO] running `Command { std: "docker" "start" "-a" "4a2c4efeefaf48ae246c8f74c5a0e1aa44189e5e7f40da6d9daaa0e24b09dba3", kill_on_drop: false }`
[INFO] running `Command { std: "docker" "inspect" "4a2c4efeefaf48ae246c8f74c5a0e1aa44189e5e7f40da6d9daaa0e24b09dba3", kill_on_drop: false }`
[INFO] running `Command { std: "docker" "rm" "-f" "4a2c4efeefaf48ae246c8f74c5a0e1aa44189e5e7f40da6d9daaa0e24b09dba3", kill_on_drop: false }`
[INFO] [stdout] 4a2c4efeefaf48ae246c8f74c5a0e1aa44189e5e7f40da6d9daaa0e24b09dba3
[INFO] running `Command { std: "docker" "create" "-v" "/var/lib/crater-agent-workspace/builds/worker-5-tc1/target:/opt/rustwide/target:rw,Z" "-v" "/var/lib/crater-agent-workspace/builds/worker-5-tc1/source:/opt/rustwide/workdir:ro,Z" "-v" "/var/lib/crater-agent-workspace/cargo-home:/opt/rustwide/cargo-home:ro,Z" "-v" "/var/lib/crater-agent-workspace/rustup-home:/opt/rustwide/rustup-home:ro,Z" "-e" "SOURCE_DIR=/opt/rustwide/workdir" "-e" "CARGO_TARGET_DIR=/opt/rustwide/target" "-e" "CARGO_INCREMENTAL=0" "-e" "RUST_BACKTRACE=full" "-e" "RUSTFLAGS=--cap-lints=forbid" "-e" "RUSTDOCFLAGS=--cap-lints=forbid" "-e" "CARGO_HOME=/opt/rustwide/cargo-home" "-e" "RUSTUP_HOME=/opt/rustwide/rustup-home" "-w" "/opt/rustwide/workdir" "-m" "1610612736" "--user" "0:0" "--network" "none" "ghcr.io/rust-lang/crates-build-env/linux@sha256:19e73879b68f455e41552ea35293514db52ea292d993f571636dbffedb77a1ee" "/opt/rustwide/cargo-home/bin/cargo" "+9610dfe5a9a731ced1ea4923ecbd0c57fe367898" "check" "--frozen" "--all" "--all-targets" "--message-format=json", kill_on_drop: false }`
[INFO] [stdout] 7e9406a54f5c2437ca300abf3e083c939358b7623c644a4d264c98c08b5864b8
[INFO] running `Command { std: "docker" "start" "-a" "7e9406a54f5c2437ca300abf3e083c939358b7623c644a4d264c98c08b5864b8", kill_on_drop: false }`
[INFO] [stderr]    Compiling syn v1.0.86
[INFO] [stderr]    Compiling libc v0.2.119
[INFO] [stderr]    Compiling futures-core v0.3.21
[INFO] [stderr]     Checking futures-sink v0.3.21
[INFO] [stderr]    Compiling futures-task v0.3.21
[INFO] [stderr]     Checking once_cell v1.10.0
[INFO] [stderr]     Checking bytes v1.1.0
[INFO] [stderr]    Compiling futures-channel v0.3.21
[INFO] [stderr]    Compiling openssl-sys v0.9.72
[INFO] [stderr]    Compiling futures-util v0.3.21
[INFO] [stderr]     Checking futures-io v0.3.21
[INFO] [stderr]    Compiling openssl v0.10.38
[INFO] [stderr]     Checking tracing-core v0.1.22
[INFO] [stderr]    Compiling native-tls v0.2.8
[INFO] [stderr]    Compiling httparse v1.6.0
[INFO] [stderr]     Checking matches v0.1.9
[INFO] [stderr]     Checking tinyvec v1.5.1
[INFO] [stderr]    Compiling unicase v2.6.0
[INFO] [stderr]    Compiling num-traits v0.2.14
[INFO] [stderr]     Checking percent-encoding v2.1.0
[INFO] [stderr]    Compiling ident_case v1.0.1
[INFO] [stderr]    Compiling fnv v1.0.7
[INFO] [stderr]     Checking want v0.3.0
[INFO] [stderr]     Checking form_urlencoded v1.0.1
[INFO] [stderr]    Compiling erasable v1.2.1
[INFO] [stderr]    Compiling num-integer v0.1.44
[INFO] [stderr]    Compiling mime_guess v2.0.4
[INFO] [stderr]    Compiling memoffset v0.5.6
[INFO] [stderr]     Checking http v0.2.6
[INFO] [stderr]     Checking tracing v0.1.31
[INFO] [stderr]    Compiling crossbeam-utils v0.7.2
[INFO] [stderr]    Compiling encoding_rs v0.8.30
[INFO] [stderr]     Checking unicode-bidi v0.3.7
[INFO] [stderr]    Compiling maybe-uninit v2.0.0
[INFO] [stderr]     Checking tower-service v0.3.1
[INFO] [stderr]    Compiling crossbeam-epoch v0.8.2
[INFO] [stderr]     Checking lock_api v0.3.4
[INFO] [stderr]     Checking aho-corasick v0.7.18
[INFO] [stderr]     Checking ipnet v2.4.0
[INFO] [stderr]    Compiling async-trait v0.1.52
[INFO] [stderr]    Compiling either v1.6.1
[INFO] [stderr]    Compiling convert_case v0.4.0
[INFO] [stderr]     Checking rc-box v1.1.1
[INFO] [stderr]    Compiling itertools v0.9.0
[INFO] [stderr]     Checking never v0.1.0
[INFO] [stderr]     Checking takecell v0.1.1
[INFO] [stderr]     Checking take_mut v0.2.2
[INFO] [stderr]     Checking unicode-normalization v0.1.19
[INFO] [stderr]     Checking ahash v0.3.8
[INFO] [stderr]     Checking num_cpus v1.13.1
[INFO] [stderr]     Checking socket2 v0.4.4
[INFO] [stderr]     Checking mio v0.8.0
[INFO] [stderr]     Checking signal-hook-registry v1.4.0
[INFO] [stderr]     Checking getrandom v0.2.5
[INFO] [stderr]     Checking parking_lot_core v0.7.2
[INFO] [stderr]     Checking atty v0.2.14
[INFO] [stderr]     Checking uuid v0.8.2
[INFO] [stderr]     Checking parking_lot v0.10.2
[INFO] [stderr]     Checking regex v1.5.4
[INFO] [stderr]     Checking flurry v0.3.1
[INFO] [stderr]     Checking chrono v0.4.19
[INFO] [stderr]     Checking idna v0.2.3
[INFO] [stderr]     Checking http-body v0.4.4
[INFO] [stderr]     Checking env_logger v0.7.1
[INFO] [stderr]     Checking pretty_env_logger v0.4.0
[INFO] [stderr]    Compiling darling_core v0.13.1
[INFO] [stderr]    Compiling proc-macro-error v1.0.4
[INFO] [stderr]    Compiling futures-macro v0.3.21
[INFO] [stderr]    Compiling tokio-macros v1.7.0
[INFO] [stderr]    Compiling serde_derive v1.0.136
[INFO] [stderr]    Compiling pin-project-internal v1.0.10
[INFO] [stderr]    Compiling thiserror-impl v1.0.30
[INFO] [stderr]    Compiling derive_more v0.99.17
[INFO] [stderr]    Compiling aquamarine v0.1.11
[INFO] [stderr]    Compiling teloxide-macros v0.5.0
[INFO] [stderr]     Checking tokio v1.17.0
[INFO] [stderr]    Compiling darling_macro v0.13.1
[INFO] [stderr]     Checking thiserror v1.0.30
[INFO] [stderr]     Checking pin-project v1.0.10
[INFO] [stderr]    Compiling darling v0.13.1
[INFO] [stderr]    Compiling serde_with_macros v1.5.1
[INFO] [stderr]     Checking serde v1.0.136
[INFO] [stderr]     Checking futures-executor v0.3.21
[INFO] [stderr]     Checking futures v0.3.21
[INFO] [stderr]     Checking tokio-util v0.6.9
[INFO] [stderr]     Checking tokio-native-tls v0.3.0
[INFO] [stderr]     Checking tokio-stream v0.1.8
[INFO] [stderr]     Checking dptree v0.1.0
[INFO] [stderr]     Checking h2 v0.3.11
[INFO] [stderr]     Checking url v2.2.2
[INFO] [stderr]     Checking serde_json v1.0.79
[INFO] [stderr]     Checking serde_urlencoded v0.7.1
[INFO] [stderr]     Checking hyper v0.14.17
[INFO] [stderr]     Checking hyper-tls v0.5.0
[INFO] [stderr]     Checking reqwest v0.11.9
[INFO] [stderr]     Checking teloxide-core v0.4.1
[INFO] [stderr]     Checking teloxide v0.7.0
[INFO] [stderr]     Checking mandelbot v0.1.0 (/opt/rustwide/workdir)
[INFO] [stdout] error: expected one of `,`, `.`, `?`, `}`, or an operator, found `=>`
[INFO] [stdout]   --> src/main.rs:37:29
[INFO] [stdout]    |
[INFO] [stdout] 36 |         Command::Add(link) => // take a link to an RSS feed as input, and add it to the list.
[INFO] [stdout]    |                            -- while parsing the `match` arm starting here
[INFO] [stdout] 37 |         Command::Del(index) => // delete an RSS feed from the list at the provided index.
[INFO] [stdout]    |                             ^^ expected one of `,`, `.`, `?`, `}`, or an operator
[INFO] [stdout] 
[INFO] [stdout] 
[INFO] [stdout] error: expected one of `,`, `.`, `?`, `}`, or an operator, found `=>`
[INFO] [stdout]   --> src/main.rs:37:29
[INFO] [stdout]    |
[INFO] [stdout] 36 |         Command::Add(link) => // take a link to an RSS feed as input, and add it to the list.
[INFO] [stdout]    |                            -- while parsing the `match` arm starting here
[INFO] [stdout] 37 |         Command::Del(index) => // delete an RSS feed from the list at the provided index.
[INFO] [stdout]    |                             ^^ expected one of `,`, `.`, `?`, `}`, or an operator
[INFO] [stdout] 
[INFO] [stdout] 
[INFO] [stdout] error[E0277]: `JsonRequest<SendMessage>` is not a future
[INFO] [stdout]   --> src/main.rs:35:85
[INFO] [stdout]    |
[INFO] [stdout] 35 |         Command::Help => bot.send_message(message.chat.id, Command::descriptions()).await?,
[INFO] [stdout]    |                                                                                    -^^^^^
[INFO] [stdout]    |                                                                                    ||
[INFO] [stdout]    |                                                                                    |`JsonRequest<SendMessage>` is not a future
[INFO] [stdout]    |                                                                                    help: remove the `.await`
[INFO] [stdout]    |
[INFO] [stdout]    = help: the trait `Future` is not implemented for `JsonRequest<SendMessage>`
[INFO] [stdout]    = note: JsonRequest<SendMessage> must be a future or must implement `IntoFuture` to be awaited
[INFO] [stdout]    = note: required for `JsonRequest<SendMessage>` to implement `IntoFuture`
[INFO] [stdout] 
[INFO] [stdout] 
[INFO] [stdout] error[E0277]: `JsonRequest<SendMessage>` is not a future
[INFO] [stdout]   --> src/main.rs:35:85
[INFO] [stdout]    |
[INFO] [stdout] 35 |         Command::Help => bot.send_message(message.chat.id, Command::descriptions()).await?,
[INFO] [stdout]    |                                                                                    -^^^^^
[INFO] [stdout]    |                                                                                    ||
[INFO] [stdout]    |                                                                                    |`JsonRequest<SendMessage>` is not a future
[INFO] [stdout]    |                                                                                    help: remove the `.await`
[INFO] [stdout]    |
[INFO] [stdout]    = help: the trait `Future` is not implemented for `JsonRequest<SendMessage>`
[INFO] [stdout]    = note: JsonRequest<SendMessage> must be a future or must implement `IntoFuture` to be awaited
[INFO] [stdout]    = note: required for `JsonRequest<SendMessage>` to implement `IntoFuture`
[INFO] [stdout] 
[INFO] [stdout] 
[INFO] [stdout] error[E0277]: `()` is not a future
[INFO] [stdout]  --> src/main.rs:6:11
[INFO] [stdout]   |
[INFO] [stdout] 6 |     run().await;
[INFO] [stdout]   |     ----- ^^^^^ `()` is not a future
[INFO] [stdout]   |     |
[INFO] [stdout]   |     this call returns `()`
[INFO] [stdout]   |
[INFO] [stdout]   = help: the trait `Future` is not implemented for `()`
[INFO] [stdout]   = note: () must be a future or must implement `IntoFuture` to be awaited
[INFO] [stdout]   = note: required for `()` to implement `IntoFuture`
[INFO] [stdout] help: remove the `.await`
[INFO] [stdout]   |
[INFO] [stdout] 6 -     run().await;
[INFO] [stdout] 6 +     run();
[INFO] [stdout]   |
[INFO] [stdout] help: alternatively, consider making `fn run` asynchronous
[INFO] [stdout]   |
[INFO] [stdout] 9 | async fn run() {
[INFO] [stdout]   | +++++
[INFO] [stdout] 
[INFO] [stdout] 
[INFO] [stdout] error[E0277]: `()` is not a future
[INFO] [stdout]  --> src/main.rs:6:11
[INFO] [stdout]   |
[INFO] [stdout] 6 |     run().await;
[INFO] [stdout]   |     ----- ^^^^^ `()` is not a future
[INFO] [stdout]   |     |
[INFO] [stdout]   |     this call returns `()`
[INFO] [stdout]   |
[INFO] [stdout]   = help: the trait `Future` is not implemented for `()`
[INFO] [stdout]   = note: () must be a future or must implement `IntoFuture` to be awaited
[INFO] [stdout]   = note: required for `()` to implement `IntoFuture`
[INFO] [stdout] help: remove the `.await`
[INFO] [stdout]   |
[INFO] [stdout] 6 -     run().await;
[INFO] [stdout] 6 +     run();
[INFO] [stdout]   |
[INFO] [stdout] help: alternatively, consider making `fn run` asynchronous
[INFO] [stdout]   |
[INFO] [stdout] 9 | async fn run() {
[INFO] [stdout]   | +++++
[INFO] [stdout] 
[INFO] [stdout] 
[INFO] [stdout] error: aborting due to 3 previous errors
[INFO] [stdout] 
[INFO] [stdout] 
[INFO] [stdout] For more information about this error, try `rustc --explain E0277`.
[INFO] [stdout] 
[INFO] [stdout] error: aborting due to 3 previous errors
[INFO] [stdout] 
[INFO] [stdout] 
[INFO] [stdout] For more information about this error, try `rustc --explain E0277`.
[INFO] [stdout] 
[INFO] [stderr] error: could not compile `mandelbot` (bin "mandelbot") due to 4 previous errors
[INFO] [stderr] warning: build failed, waiting for other jobs to finish...
[INFO] [stderr] error: could not compile `mandelbot` (bin "mandelbot" test) due to 4 previous errors
[INFO] running `Command { std: "docker" "inspect" "7e9406a54f5c2437ca300abf3e083c939358b7623c644a4d264c98c08b5864b8", kill_on_drop: false }`
[INFO] running `Command { std: "docker" "rm" "-f" "7e9406a54f5c2437ca300abf3e083c939358b7623c644a4d264c98c08b5864b8", kill_on_drop: false }`
[INFO] [stdout] 7e9406a54f5c2437ca300abf3e083c939358b7623c644a4d264c98c08b5864b8
